{"id":4302,"date":"2023-08-21T22:33:42","date_gmt":"2023-08-21T22:33:42","guid":{"rendered":"https:\/\/onestopnailshop.nl\/webshop\/product\/149-creme-brulee\/"},"modified":"2026-01-09T14:16:05","modified_gmt":"2026-01-09T13:16:05","slug":"149-creme-brulee","status":"publish","type":"product","link":"https:\/\/prachtnagels.nl\/webshop\/product\/149-creme-brulee\/","title":{"rendered":"#149 &#8211; Cr\u00e8me Br\u00fbl\u00e9e"},"content":{"rendered":"<p style=\"text-align: left;\">Beige bruine acryl poeder van het merk Glitterbels.<\/p>\n<p>Deze acryl poeder kan verwerkt worden met iedere acrylvloeistof van Glitterbels.<br \/>\nHet is afgeraden om acrylvloeistof van een ander merk te gebruiken met deze poeder, omdat hierbij niet gegarandeerd kan worden of de chemische verbinding tussen poeder en vloeistof dan optimaal is.<br \/>\nEen niet optimale verbinding kan leiden tot snellere breuken, maar ook tot allergische reacties.<\/p>\n<p>De kleur acrylpoeder van Glitterbels is geen strength powder. Dat houdt in, dat deze ingekapseld moet worden met een clear acryl poeder (Glass slippers) om de nagel van stevigheid te voorzien.<\/p>\n<p>Het Glitterbels acrylsysteem werkt in combinatie met de Glitterbels Dehydrator en Glitterbels Acid-Free Primer.<\/p>\n<p>Product voor professioneel gebruik.<br \/>\nVermijd ten alle tijden contact met de huid, om opbouw van acrylaatallergie te voorkomen.<\/p>\n","protected":false},"excerpt":{"rendered":"<p style=\"text-align: left;\">Beige bruine acryl poeder van het merk Glitterbels.<\/p>\n","protected":false},"featured_media":4300,"comment_status":"open","ping_status":"closed","template":"","meta":[],"product_brand":[2157],"product_cat":[141],"product_tag":[319,439,376,320,317,318,382],"class_list":{"0":"post-4302","1":"product","2":"type-product","3":"status-publish","4":"has-post-thumbnail","6":"product_brand-glitterbels","7":"product_cat-kleur-glitter-acryl-gb","8":"product_tag-acryl-poeder","9":"product_tag-beige","10":"product_tag-bruin","11":"product_tag-color-acryl","12":"product_tag-glitterbels","13":"product_tag-kleuracryl","14":"product_tag-nude","15":"pa_kleur-beige","16":"pa_kleur-bruin","17":"pa_kleur-nude","19":"first","20":"instock","21":"taxable","22":"shipping-taxable","23":"purchasable","24":"product-type-simple"},"bundled_by":[],"bundle_stock_status":"instock","bundle_stock_quantity":3,"bundle_virtual":false,"bundle_layout":"","bundle_add_to_cart_form_location":"","bundle_editable_in_cart":false,"bundle_sold_individually_context":"","bundle_item_grouping":"","bundle_min_size":"","bundle_max_size":"","bundle_price":[],"bundled_items":[],"bundle_sell_ids":[],"yoast_head":"<!-- This site is optimized with the Yoast SEO Premium plugin v25.3.1 (Yoast SEO v26.6) - https:\/\/yoast.com\/wordpress\/plugins\/seo\/ -->\n<title>#149 - Cr\u00e8me Br\u00fbl\u00e9e - Prachtnagels<\/title>\n<meta name=\"robots\" content=\"index, follow, max-snippet:-1, max-image-preview:large, max-video-preview:-1\" \/>\n<link rel=\"canonical\" href=\"https:\/\/prachtnagels.nl\/webshop\/product\/149-creme-brulee\/\" \/>\n<meta property=\"og:locale\" content=\"nl_NL\" \/>\n<meta property=\"og:type\" content=\"article\" \/>\n<meta property=\"og:title\" content=\"#149 - Cr\u00e8me Br\u00fbl\u00e9e\" \/>\n<meta property=\"og:description\" content=\"Beige bruine acryl poeder van het merk Glitterbels.\" \/>\n<meta property=\"og:url\" content=\"https:\/\/prachtnagels.nl\/webshop\/product\/149-creme-brulee\/\" \/>\n<meta property=\"og:site_name\" content=\"Prachtnagels\" \/>\n<meta property=\"article:publisher\" content=\"https:\/\/facebook.com\/prachtnagels\" \/>\n<meta property=\"article:modified_time\" content=\"2026-01-09T13:16:05+00:00\" \/>\n<meta property=\"og:image\" content=\"https:\/\/prachtnagels.nl\/webshop\/wp-content\/uploads\/2023\/08\/gb149_creme_brulee_1-1.jpg\" \/>\n\t<meta property=\"og:image:width\" content=\"675\" \/>\n\t<meta property=\"og:image:height\" content=\"675\" \/>\n\t<meta property=\"og:image:type\" content=\"image\/jpeg\" \/>\n<meta name=\"twitter:card\" content=\"summary_large_image\" \/>\n<meta name=\"twitter:label1\" content=\"Prijs\" \/>\n\t<meta name=\"twitter:data1\" content=\"&euro;9,95 ex. BTW\" \/>\n\t<meta name=\"twitter:label2\" content=\"Beschikbaarheid\" \/>\n\t<meta name=\"twitter:data2\" content=\"Op voorraad\" \/>\n<script type=\"application\/ld+json\" class=\"yoast-schema-graph\">{\"@context\":\"https:\/\/schema.org\",\"@graph\":[{\"@type\":\"WebPage\",\"@id\":\"https:\/\/prachtnagels.nl\/webshop\/product\/149-creme-brulee\/\",\"url\":\"https:\/\/prachtnagels.nl\/webshop\/product\/149-creme-brulee\/\",\"name\":\"#149 - Cr\u00e8me Br\u00fbl\u00e9e - Prachtnagels\",\"isPartOf\":{\"@id\":\"https:\/\/prachtnagels.nl\/webshop\/#website\"},\"primaryImageOfPage\":{\"@id\":\"https:\/\/prachtnagels.nl\/webshop\/product\/149-creme-brulee\/#primaryimage\"},\"image\":{\"@id\":\"https:\/\/prachtnagels.nl\/webshop\/product\/149-creme-brulee\/#primaryimage\"},\"thumbnailUrl\":\"https:\/\/prachtnagels.nl\/webshop\/wp-content\/uploads\/2023\/08\/gb149_creme_brulee_1-1.jpg\",\"datePublished\":\"2023-08-21T22:33:42+00:00\",\"dateModified\":\"2026-01-09T13:16:05+00:00\",\"breadcrumb\":{\"@id\":\"https:\/\/prachtnagels.nl\/webshop\/product\/149-creme-brulee\/#breadcrumb\"},\"inLanguage\":\"nl-NL\",\"potentialAction\":[{\"@type\":\"ReadAction\",\"target\":[\"https:\/\/prachtnagels.nl\/webshop\/product\/149-creme-brulee\/\"]}]},{\"@type\":\"ImageObject\",\"inLanguage\":\"nl-NL\",\"@id\":\"https:\/\/prachtnagels.nl\/webshop\/product\/149-creme-brulee\/#primaryimage\",\"url\":\"https:\/\/prachtnagels.nl\/webshop\/wp-content\/uploads\/2023\/08\/gb149_creme_brulee_1-1.jpg\",\"contentUrl\":\"https:\/\/prachtnagels.nl\/webshop\/wp-content\/uploads\/2023\/08\/gb149_creme_brulee_1-1.jpg\",\"width\":675,\"height\":675},{\"@type\":\"BreadcrumbList\",\"@id\":\"https:\/\/prachtnagels.nl\/webshop\/product\/149-creme-brulee\/#breadcrumb\",\"itemListElement\":[{\"@type\":\"ListItem\",\"position\":1,\"name\":\"Home\",\"item\":\"https:\/\/prachtnagels.nl\/webshop\/\"},{\"@type\":\"ListItem\",\"position\":2,\"name\":\"Shop\",\"item\":\"https:\/\/prachtnagels.nl\/webshop\/shop\/\"},{\"@type\":\"ListItem\",\"position\":3,\"name\":\"#149 &#8211; Cr\u00e8me Br\u00fbl\u00e9e\"}]},{\"@type\":\"WebSite\",\"@id\":\"https:\/\/prachtnagels.nl\/webshop\/#website\",\"url\":\"https:\/\/prachtnagels.nl\/webshop\/\",\"name\":\"Prachtnagels\",\"description\":\"\",\"publisher\":{\"@id\":\"https:\/\/prachtnagels.nl\/webshop\/#organization\"},\"potentialAction\":[{\"@type\":\"SearchAction\",\"target\":{\"@type\":\"EntryPoint\",\"urlTemplate\":\"https:\/\/prachtnagels.nl\/webshop\/?s={search_term_string}\"},\"query-input\":{\"@type\":\"PropertyValueSpecification\",\"valueRequired\":true,\"valueName\":\"search_term_string\"}}],\"inLanguage\":\"nl-NL\"},{\"@type\":\"Organization\",\"@id\":\"https:\/\/prachtnagels.nl\/webshop\/#organization\",\"name\":\"Prachtnagels\",\"url\":\"https:\/\/prachtnagels.nl\/webshop\/\",\"logo\":{\"@type\":\"ImageObject\",\"inLanguage\":\"nl-NL\",\"@id\":\"https:\/\/prachtnagels.nl\/webshop\/#\/schema\/logo\/image\/\",\"url\":\"https:\/\/prachtnagels.nl\/webshop\/wp-content\/uploads\/2023\/08\/pn1.png\",\"contentUrl\":\"https:\/\/prachtnagels.nl\/webshop\/wp-content\/uploads\/2023\/08\/pn1.png\",\"width\":1931,\"height\":1184,\"caption\":\"Prachtnagels\"},\"image\":{\"@id\":\"https:\/\/prachtnagels.nl\/webshop\/#\/schema\/logo\/image\/\"},\"sameAs\":[\"https:\/\/facebook.com\/prachtnagels\",\"https:\/\/instagram.com\/prachtnagels\"]}]}<\/script>\n<meta property=\"product:brand\" content=\"Glitterbels\" \/>\n<meta property=\"product:price:amount\" content=\"9.95\" \/>\n<meta property=\"product:price:currency\" content=\"EUR\" \/>\n<meta property=\"og:availability\" content=\"instock\" \/>\n<meta property=\"product:availability\" content=\"instock\" \/>\n<meta property=\"product:retailer_item_id\" content=\"GB-AC-149\" \/>\n<meta property=\"product:condition\" content=\"new\" \/>\n<!-- \/ Yoast SEO Premium plugin. -->","yoast_head_json":{"title":"#149 - Cr\u00e8me Br\u00fbl\u00e9e - Prachtnagels","robots":{"index":"index","follow":"follow","max-snippet":"max-snippet:-1","max-image-preview":"max-image-preview:large","max-video-preview":"max-video-preview:-1"},"canonical":"https:\/\/prachtnagels.nl\/webshop\/product\/149-creme-brulee\/","og_locale":"nl_NL","og_type":"article","og_title":"#149 - Cr\u00e8me Br\u00fbl\u00e9e","og_description":"Beige bruine acryl poeder van het merk Glitterbels.","og_url":"https:\/\/prachtnagels.nl\/webshop\/product\/149-creme-brulee\/","og_site_name":"Prachtnagels","article_publisher":"https:\/\/facebook.com\/prachtnagels","article_modified_time":"2026-01-09T13:16:05+00:00","og_image":[{"width":675,"height":675,"url":"https:\/\/prachtnagels.nl\/webshop\/wp-content\/uploads\/2023\/08\/gb149_creme_brulee_1-1.jpg","type":"image\/jpeg"}],"twitter_card":"summary_large_image","twitter_misc":{"Prijs":"&euro;9,95 ex. BTW","Beschikbaarheid":"Op voorraad"},"schema":{"@context":"https:\/\/schema.org","@graph":[{"@type":"WebPage","@id":"https:\/\/prachtnagels.nl\/webshop\/product\/149-creme-brulee\/","url":"https:\/\/prachtnagels.nl\/webshop\/product\/149-creme-brulee\/","name":"#149 - Cr\u00e8me Br\u00fbl\u00e9e - Prachtnagels","isPartOf":{"@id":"https:\/\/prachtnagels.nl\/webshop\/#website"},"primaryImageOfPage":{"@id":"https:\/\/prachtnagels.nl\/webshop\/product\/149-creme-brulee\/#primaryimage"},"image":{"@id":"https:\/\/prachtnagels.nl\/webshop\/product\/149-creme-brulee\/#primaryimage"},"thumbnailUrl":"https:\/\/prachtnagels.nl\/webshop\/wp-content\/uploads\/2023\/08\/gb149_creme_brulee_1-1.jpg","datePublished":"2023-08-21T22:33:42+00:00","dateModified":"2026-01-09T13:16:05+00:00","breadcrumb":{"@id":"https:\/\/prachtnagels.nl\/webshop\/product\/149-creme-brulee\/#breadcrumb"},"inLanguage":"nl-NL","potentialAction":[{"@type":"ReadAction","target":["https:\/\/prachtnagels.nl\/webshop\/product\/149-creme-brulee\/"]}]},{"@type":"ImageObject","inLanguage":"nl-NL","@id":"https:\/\/prachtnagels.nl\/webshop\/product\/149-creme-brulee\/#primaryimage","url":"https:\/\/prachtnagels.nl\/webshop\/wp-content\/uploads\/2023\/08\/gb149_creme_brulee_1-1.jpg","contentUrl":"https:\/\/prachtnagels.nl\/webshop\/wp-content\/uploads\/2023\/08\/gb149_creme_brulee_1-1.jpg","width":675,"height":675},{"@type":"BreadcrumbList","@id":"https:\/\/prachtnagels.nl\/webshop\/product\/149-creme-brulee\/#breadcrumb","itemListElement":[{"@type":"ListItem","position":1,"name":"Home","item":"https:\/\/prachtnagels.nl\/webshop\/"},{"@type":"ListItem","position":2,"name":"Shop","item":"https:\/\/prachtnagels.nl\/webshop\/shop\/"},{"@type":"ListItem","position":3,"name":"#149 &#8211; Cr\u00e8me Br\u00fbl\u00e9e"}]},{"@type":"WebSite","@id":"https:\/\/prachtnagels.nl\/webshop\/#website","url":"https:\/\/prachtnagels.nl\/webshop\/","name":"Prachtnagels","description":"","publisher":{"@id":"https:\/\/prachtnagels.nl\/webshop\/#organization"},"potentialAction":[{"@type":"SearchAction","target":{"@type":"EntryPoint","urlTemplate":"https:\/\/prachtnagels.nl\/webshop\/?s={search_term_string}"},"query-input":{"@type":"PropertyValueSpecification","valueRequired":true,"valueName":"search_term_string"}}],"inLanguage":"nl-NL"},{"@type":"Organization","@id":"https:\/\/prachtnagels.nl\/webshop\/#organization","name":"Prachtnagels","url":"https:\/\/prachtnagels.nl\/webshop\/","logo":{"@type":"ImageObject","inLanguage":"nl-NL","@id":"https:\/\/prachtnagels.nl\/webshop\/#\/schema\/logo\/image\/","url":"https:\/\/prachtnagels.nl\/webshop\/wp-content\/uploads\/2023\/08\/pn1.png","contentUrl":"https:\/\/prachtnagels.nl\/webshop\/wp-content\/uploads\/2023\/08\/pn1.png","width":1931,"height":1184,"caption":"Prachtnagels"},"image":{"@id":"https:\/\/prachtnagels.nl\/webshop\/#\/schema\/logo\/image\/"},"sameAs":["https:\/\/facebook.com\/prachtnagels","https:\/\/instagram.com\/prachtnagels"]}]},"product_brand":"Glitterbels","product_price_amount":"9.95","product_price_currency":"EUR","og_availability":"instock","product_availability":"instock","product_retailer_item_id":"GB-AC-149","product_condition":"new"},"_links":{"self":[{"href":"https:\/\/prachtnagels.nl\/webshop\/wp-json\/wp\/v2\/product\/4302","targetHints":{"allow":["GET"]}}],"collection":[{"href":"https:\/\/prachtnagels.nl\/webshop\/wp-json\/wp\/v2\/product"}],"about":[{"href":"https:\/\/prachtnagels.nl\/webshop\/wp-json\/wp\/v2\/types\/product"}],"replies":[{"embeddable":true,"href":"https:\/\/prachtnagels.nl\/webshop\/wp-json\/wp\/v2\/comments?post=4302"}],"wp:featuredmedia":[{"embeddable":true,"href":"https:\/\/prachtnagels.nl\/webshop\/wp-json\/wp\/v2\/media\/4300"}],"wp:attachment":[{"href":"https:\/\/prachtnagels.nl\/webshop\/wp-json\/wp\/v2\/media?parent=4302"}],"wp:term":[{"taxonomy":"product_brand","embeddable":true,"href":"https:\/\/prachtnagels.nl\/webshop\/wp-json\/wp\/v2\/product_brand?post=4302"},{"taxonomy":"product_cat","embeddable":true,"href":"https:\/\/prachtnagels.nl\/webshop\/wp-json\/wp\/v2\/product_cat?post=4302"},{"taxonomy":"product_tag","embeddable":true,"href":"https:\/\/prachtnagels.nl\/webshop\/wp-json\/wp\/v2\/product_tag?post=4302"}],"curies":[{"name":"wp","href":"https:\/\/api.w.org\/{rel}","templated":true}]}}